ded by 1602.
1599
Calculate the remainder when 1151421 is divided by 91.
89
Calculate the remainder when 20127708 is divided by 6709234.
6
What is the remainder when 219837 is divided by 5493?
117
What is the remainder when 8829645 is divided by 1761?
1752
Calculate the remainder when 1274136 is divided by 424280.
1296
Calculate the remainder when 670839 is divided by 202.
199
Calculate the remainder when 13761 is divided by 13313.
448
Calculate the remainder when 35204 is divided by 464.
404
Calculate the remainder when 352728 is divided by 107.
56
Calculate the remainder when 1381225 is divided by 2682.
2677
What is the remainder when 129554 is divided by 25878?
164
What is the remainder when 8815713 is divided by 378?
375
Calculate the remainder when 15553476 is divided by 8.
4
What is the remainder when 855929 is divided by 285288?
65
Calculate the remainder when 31002 is divided by 7746.
18
What is the remainder when 8651384 is divided by 54?
44
What is the remainder when 4157570 is divided by 384?
2
Calculate the remainder when 54141 is divided by 13369.
665
Calculate the remainder when 126339 is divided by 500.
339
What is the remainder when 24359309 is divided by 2741?
42
What is the remainder when 6902397 is divided by 1150395?
27
Calculate the remainder when 13369591 is divided by 19.
13
Calculate the remainder when 688923 is divided by 425.
423
What is the remainder when 3729682 is divided by 748?
154
Calculate the remainder when 1141999 is divided by 1044.
907
Calculate the remainder when 119214 is divided by 1338.
132
Calculate the remainder when 2157641197 is divided by 715.
712
Calculate the remainder when 132252494 is divided by 155.
139
Calculate the remainder when 3349323 is divided by 115491.
84
What is the remainder when 90925305 is divided by 206?
201
What is the remainder when 9504713 is divided by 681?
677
What is the remainder when 70321 is divided by 499?
461
What is the remainder when 60160798 is divided by 3313?
31
What is the remainder when 2244 is divided by 452?
436
What is the remainder when 785857 is divided by 594?
589
What is the remainder when 8450981 is divided by 9?
8
What is the remainder when 10857695 is divided by 978?
917
Calculate the remainder when 226957 is divided by 13336.
245
Calculate the remainder when 75461372 is divided by 75461363.
9
What is the remainder when 4129693 is divided by 602?
575
Calculate the remainder when 599431 is divided by 44.
19
What is the remainder when 140421 is divided by 2926?
2899
What is the remainder when 855320 is divided by 335?
65
Calculate the remainder when 2734608 is divided by 911535.
3
Calculate the remainder when 2211513 is divided by 315908.
157
What is the remainder when 36774 is divided by 36752?
22
What is the remainder when 17359187 is divided by 5786384?
35
What is the remainder when 120822 is divided by 40085?
567
What is the remainder when 110565 is divided by 3332?
609
What is the remainder when 6110636 is divided by 3216?
236
Calculate the remainder when 624396298 is divided by 4532.
4530
What is the remainder when 56983 is divided by 818?
541
What is the remainder when 450391 is divided by 488?
455
What is the remainder when 3942272 is divided by 67969?
70
What is the remainder when 3135338 is divided by 447902?
24
Calculate the remainder when 31703937 is divided by 5188.
69
Calculate the remainder when 44307 is divided by 2230.
1937
Calculate the remainder when 6142593 is divided by 166015.
38
Calculate the remainder when 5038512 is divided by 40308.
12
Calculate the remainder when 17406192 is divided by 5057.
5055
What is the remainder when 4112727 is divided by 75?
27
Calculate the remainder when 51389416 is divided by 6423676.
8
Calculate the remainder when 708598 is divided by 229.
72
Calculate the remainder when 88786 is divided by 292.
18
Calculate the remainder when 4089224 is divided by 1363070.
14
What is the remainder when 555201 is divided by 502?
491
Calculate the remainder when 1308684 is divided by 326823.
1392
What is the remainder when 28658 is divided by 122?
110
Calculate the remainder when 1937643 is divided by 127.
4
What is the remainder when 921375 is divided by 153561?
9
Calculate the remainder when 992476 is divided by 495221.
2034
Calculate the remainder when 40339581 is divided by 7.
2
What is the remainder when 70843 is divided by 8561?
2355
Calculate the remainder when 1212368 is divided by 113.
104
What is the remainder when 10119691 is divided by 236?
11
What is the remainder when 93955221 is divided by 455?
451
Calculate the remainder when 7405036 is divided by 630.
16
Calculate the remainder when 41142 is divided by 6365.
2952
Calculate the remainder when 630565907 is divided by 1218.
1217
Calculate the remainder when 144883979 is divided by 6299303.
10
Calculate the remainder when 442352 is divided by 55291.
24
What is the remainder when 23479421 is divided by 6495?
6491
Calculate the remainder when 8696422 is divided by 8696404.
18
Calculate the remainder when 20003241 is divided by 232.
201
What is the remainder when 37253 is divided by 18084?
1085
Calculate the remainder when 559554 is divided by 943.
355
Calculate the remainder when 7650333 is divided by 32834.
11
What is the remainder when 1052733 is divided by 37?
9
What is the remainder when 11052484 is divided by 116?
4
Calculate the remainder when 66289 is divided by 64692.
1597
What is the remainder when 2602068 is divided by 361?
341
What is the remainder when 2301383 is divided by 19?
8
What is the remainder when 216345 is divided by 245?
10
What is the remainder when 42106 is divided by 39831?
2275
Calculate the remainder when 27170621 is divided by 6332.
9
Calculate the remainder when 291891770 is divided by 1646.
6
What is the remainder when 111953 is divided by 1170?
803
Calculate the remainder when 882918 is divided by 389.
277
What is the remainder when 684360 is divided by 351?
261
Calculate the remainder when 64313333 is divided by 564152.
5
Calculate the remainder when 639509 is divided by 638324.
1185
What is the remainder when 3480374 is divided by 1471?
1459
What is the remainder when 431559 is divided by 143715?
414
What is the remainder when 3574134 is divided by 16939?
5
Calculate the remainder when 80060673 is divided by 667.
663
What is the remainder when 132407 is divided by 298?
95
What is the remainder when 12964633 is divided by 1440514?
7
Calculate the remainder when 5973595 is divided by 9190.
95
Calculate the remainder when 18565359 is divided by 748.
747
What is the remainder when 19598 is divided by 2135?
383
What is the remainder when 321480 is divided by 485?
410
Calculate the remainder when 25318559 is divided by 184807.
0
Calculate the remainder when 126145389 is divided by 10.
9
Calculate the remainder when 39040427 is divided by 100.
27
Calculate the remainder when 355402 is divided by 10150.
152
What is the remainder when 1174101 is divided by 6053?
5872
What is the remainder when 8353662 is divided by 759423?
9
Calculate the remainder when 181931 is divided by 13.
9
What is the remainder when 183344470 is divided by 444?
442
What is the remainder when 5130920 is divided by 7?
4
Calculate the remainder when 5575154 is divided by 2787550.
54
What is the remainder when 72415 is divided by 134?
55
Calculate the remainder when 828478 is divided by 3466.
104
Calculate the remainder when 924370 is divided by 1827.
1735
Calculate the remainder when 223827 is divided by 36899.
2433
Calculate the remainder when 5631819 is divided by 6.
3
What is the remainder when 374678 is divided by 96?
86
Calculate the remainder when 12267 is divided by 4005.
252
What is the remainder when 121203 is divided by 871?
134
What is the remainder when 632724 is divided by 632177?
547
What is the remainder when 278416 is divided by 4188?
2008
Calculate the remainder when 142748 is divided by 142388.
360
Calculate the remainder when 23539122 is divided by 3144.
3138
Calculate the remainder when 14951 is divided by 11540.
3411
What is the remainder when 801656 is divided by 195?
11
Calculate the remainder when 12390322 is divided by 195.
22
What is the remainder when 1088342 is divided by 2077?
2071
Calculate the remainder when 322002 is divided 